- 3*o + s = 0. What is the greatest common factor of 36 and o?
18
Let t be 6/(-5)*(3 + -8). Suppose -5*s = 4*k - 36, -3*s - 28 = -4*k - t*s. Suppose h + 36 = k*h. What is the highest common factor of 24 and h?
12
Let m = 1051 + -1041. Calculate the greatest common divisor of 1970 and m.
10
Let w = -212 - -236. What is the greatest common factor of w and 66?
6
Suppose -3*d - 2*i - i = -150, -190 = -4*d + i. Let z(x) = 2*x**2 + x + 2. Let m be z(2). What is the highest common divisor of m and d?
12
Let s be 2/11 - (-3 + 20910/(-66)). Calculate the highest common divisor of 20 and s.
20
Let r(j) = j**3 - 2*j**2 + 11*j - 21. Let t be r(4). What is the highest common divisor of 5 and t?
5
Let r(p) = p**2 + 5*p + 6. Let m be r(-4). Suppose -40 = -4*s - m*k, -3*s = -2*k - 3*k - 30. What is the greatest common factor of s and 40?
10
Let o = 465 - 463. Let q = 0 - -18. Calculate the highest common factor of q and o.
2
Let d(l) = -l**3 + 33*l**2 - 31*l + 31. Let s be d(32). Calculate the highest common factor of 1029 and s.
21
Suppose 3*o - 1504 = 554. What is the highest common factor of 14 and o?
14
Suppose -19344 = -86*i + 34*i. What is the highest common divisor of 837 and i?
93
Let z = -42 + 47. Suppose 5*q + 3*u = 32 + 52, 5*u - 80 = -z*q. What is the greatest common factor of 6 and q?
6
Let v(o) = 9*o**2 - 6*o + 14. Let m be v(3). What is the greatest common divisor of m and 33?
11
Suppose 2*t + 258 = 2*p, 4*t = -6*p + p + 645. Let q = -80 + p. Let g = -31 + q. What is the greatest common divisor of 12 and g?
6
Let z be 876/(-72) + (-3)/(-18). Let c(q) = 18 + q**2 + 3*q + 0*q**2 + 8*q. Let g be c(z). What is the highest common divisor of 20 and g?
10
Suppose 14 = 3*y - o, y + o - 14 = -3*y. Let w be 1005/9 + y/12. Calculate the highest common divisor of 14 and w.
14
Let t be (-42)/4*2312/(-238). What is the highest common divisor of t and 18?
6
Suppose -y - 3*p + 38 = 2*p, -4*p - 56 = -4*y. Let u be 396/891 + (-5)/9 + 488/18. Calculate the highest common factor of y and u.
9
Let h be (-6 - -5)/((-1)/(-85)). Let o = 293 + h. What is the highest common divisor of 26 and o?
26
Suppose -796 = -70*n - 166. Calculate the highest common factor of n and 90.
9
Let v = -84 + 45. Let u = -23 - v. Let l be ((-5)/(-2))/(-6 + (-424)/(-64)). What is the greatest common factor of u and l?
4
Let v(r) = 16*r - 1020. Let q be v(66). Suppose f - 2*f - 6 = 0. Let x = 18 + f. What is the highest common factor of q and x?
12
Let l be (24/15)/((-3)/15). Let g be (-6)/l*(26 - (1 + 1)). Calculate the highest common divisor of 90 and g.
18
Let i = -299 + 308. Let f be (-3)/(-12) + (-438)/(-8). Suppose -5*c - 5*j = -185, -3*c - 5*j + 58 = -f. Calculate the highest common factor of i and c.
9
Let p(f) = 48*f + 11. Let w be p(-3). Let x = w + 228. What is the highest common divisor of x and 19?
19
Suppose -2*w + 34 = -g - 24, 5*w - 2*g - 145 = 0. Let z = -26 + w. What is the highest common divisor of 15 and z?
3
Suppose j = 3 + 6. Let u be (0 + 6)*(-108)/(-8). What is the highest common divisor of j and u?
9
Suppose 10 + 15 = -5*g. Let i be 1/g - ((-213)/15 - -3). Calculate the highest common factor of 11 and i.
11
Suppose -41 = -c - 1. Suppose -c = 4*i - 0*i. Let p be i/(-45) + (-43)/(-9). What is the greatest common factor of 5 and p?
5
Suppose -1 = -o, -2*z + 3*o - 76 = 75. Let g = z - -76. Suppose -1 = -4*b + 3. What is the greatest common factor of g and b?
1
Let v = 69 - 7. Suppose 4*n + v = 2*k, -4*k - k + 143 = 2*n. Let u = k + -22. What is the highest common factor of 49 and u?
7
Let i be 57/9*(-13 - -229). What is the greatest common factor of 12 and i?
12
Let h = -25 + 39. Let c(y) = 3*y + 65. Let q be c(-10). Calculate the greatest common divisor of q and h.
7
Let d = 25 + -28. Let b be 2 + (-1)/1 - d. Suppose -3*t = -b*v - 0*t + 49, -4*v + 2*t = -50. Calculate the highest common factor of v and 91.
13
Let i(u) = u**3 - 15*u**2 + 15*u - 9. Let c be i(14). Calculate the greatest common factor of c and 80.
5
Suppose 8*s = 7*s - 16. Let g = 10 - 7. Let k be s/(-4) - -2 - g. Calculate the greatest common factor of 2 and k.
1
Let h be ((-20)/(-8))/((-1)/(-2)). Suppose 92 + 14 = 2*c. Suppose -c = -h*k + 307. Calculate the highest common factor of k and 24.
24
Let w(v) = -4*v + 2. Let s be w(-2). Let l(f) = 11 - 7*f**2 - 14*f**2 + 32*f**2 - s*f**2. Let i be l(8). What is the greatest common divisor of 30 and i?
15
Let a be (-2)/(-14) + 6/(-42). Suppose u + 2*u + 6 = a. Let n be (-1 - u) + -3 + 4. Calculate the greatest common factor of n and 1.
1
Suppose -425 = -5*n + 2*f + 96, 3*f + 519 = 5*n. Calculate the highest common factor of n and 45.
15
Let q(l) = l**3 + 10*l**2 + 4. Let j be q(-10). Suppose -j = -s - 0*s. What is the highest common factor of 32 and s?
4
Let t = -6 + 6. Suppose t = 3*o + 3*f + f - 32, f = 2. Let i = 10 - 8. What is the highest common divisor of i and o?
2
Let o = 42 - -62. Let k(p) = 222*p - 12354. Let d be k(56). Calculate the greatest common factor of o and d.
26
Suppose -v + 4*m - 36 = 0, 16 = 3*m + m. Let x = v - -34. Let j = 176 - 120. What is the greatest common factor of x and j?
14
Let n(s) = 21*s**2 - 4*s - 2. Let m be n(2). Let d = m + -50. Calculate the greatest common divisor of d and 24.
24
Suppose 4 = c, -3*g + 8*g = -c + 244. What is the greatest common divisor of 1464 and g?
24
Let a(q) = q**2 + 10*q - 1. Let z be a(5). Calculate the highest common factor of z and 518.
74
Suppose 2*n - 5*f = 95, 4*n + 68 - 203 = -f. Let u = n + -21. Calculate the highest common factor of 70 and u.
14
Let o be (71 - 0) + 8/20*5. What is the highest common divisor of o and 657?
73
Suppose t - 3*z = -5, 5*t + 2*z + 0*z - 9 = 0. Calculate the greatest common divisor of t and 26.
1
Suppose 2*p = 4*p - 5*m - 116, 2*m = -3*p + 174. Calculate the greatest common factor of p and 406.
58
Suppose -128 = 3*o - 11*o. Calculate the highest common factor of 80 and o.
16
Let m(s) = -s**3 + 8*s**2 - 14*s + 15. Let a be m(5). Let w = -46 - -96. What is the highest common factor of w and a?
10
Let h = 12 + -8. Suppose 3*m - 9 = -3*c, 11*c - 10 = 7*c - 2*m. Let d be (-570)/h*c/(-3). Calculate the highest common divisor of 38 and d.
19
Suppose 0*o = -4*i + 4*o + 40, 0 = -5*i + 4*o + 54. Let k be ((-2)/(-3) + -1)*-42. What is the greatest common factor of k and i?
14
Suppose 4*b + 4*h - 164 = 0, 2*h - 60 - 59 = -3*b. Suppose 0 = -2*p + b - 5. What is the highest common factor of p and 192?
16
Let o(y) = 9*y + 164. Let m be o(-18). Calculate the highest common divisor of 118 and m.
2
Suppose -2*c + 160 = 2*c. What is the greatest common factor of c and 512?
8
Let f be (-112)/20*(-15)/(-6). Let r(h) = 9*h - 7. Let x be r(5). Let v = f + x. Calculate the greatest common divisor of v and 6.
6
Let t = 26 - -10. Let n = -151 - -155. Calculate the greatest common factor of t and n.
4
Let q = 16 - -35. Let x = q + -13. Calculate the highest common factor of x and 342.
38
Let f = 537 - 524. Calculate the greatest common divisor of f and 221.
13
Let t(r) be the second derivative of 6*r - 2*r**2 - r**2 - 5*r**2 - r**3 + 2*r**3. Let g be t(11). Calculate the highest common divisor of 20 and g.
10
Let j = -9 + 6. Let x be j*14*(-7)/14. What is the highest common divisor of 28 and x?
7
Let l(k) = k**3 - 24*k**2 + 38*k + 168. Let s be l(22). What is the greatest common factor of s and 423?
9
Suppose -4*d - 4*u + 777 + 3687 = 0, -4476 = -4*d + 2*u. Calculate the highest common divisor of d and 26.
26
Let r be 118 - (9 + 2/(-1)). Calculate the greatest common factor of 370 and r.
37
Let b(s) be the second derivative of -s**5/20 - 5*s**4/12 - s**3/6 + 7*s**2/2 + 17*s. Let c be b(-5). Calculate the highest common divisor of 9 and c.
3
Let n(b) = b + 8. Let o be n(18). Let x be (-3507)/(-15) - (-8 + (-78)/(-10)). What is the highest common divisor of x and o?
26
Suppose 6*o - 49 = o + 4*v, -51 = -3*o - 3*v. Let p = 69 + -43. Calculate the greatest common factor of p and o.
13
Suppose 20 = -17*u + 22*u. Suppose 5*y + u*a = 132, -3*y - 3*a - 45 + 123 = 0. Calculate the greatest common factor of 4 and y.
4
Let r be (-5 - (-7865)/35) + 2/7. Calculate the greatest common divisor of r and 20.
20
Let b(x) = -x**3 + 16*x**2 - 13*x + 10. Suppose 30 = 8*q - 6*q. Let c be b(q). Let v be 2/(((-